 -4 = -o. Let d(c) = c**3 - 6*c**2 + 6*c + 1. What is d(l)?
6
Let v = -3 - -6. Let s(t) = t + 3. Let c(l) = 6*l + 15. Let w(a) = 2*c(a) - 11*s(a). Determine w(v).
0
Let p be (-132)/(-30) - 2/5. Let k(o) = 6*o + 4. What is k(p)?
28
Let z(d) = -d**3 + 6*d**2 + 3*d - 2. Let f be (-2*2)/(8/(-4)). Suppose 30 = 3*n + f*n. Calculate z(n).
16
Let l(k) = k - 1. Let g(x) = x**2 + x. Let d(f) = g(f) + l(f). What is d(-4)?
7
Let y(r) be the first derivative of r**2/2 - 3*r - 13. Give y(-3).
-6
Suppose 8*n + 20 = 3*n. Let r(w) = w**3 + 5*w**2 + 6*w + 1. Give r(n).
-7
Suppose -t = 3*t - 12. Let i(n) = 4 + 4 - 2*n - 3 - t. Determine i(-2).
6
Let j(r) = -r**2 - 7*r - 3. Let w be j(-4). Suppose w*p - 25 = 4*p. Let x(t) = -t**2 + 3*t - p - 4 + t**3 - 5*t**2. Determine x(6).
9
Suppose 0*t = -2*t + 4. Let k(q) = 3*q + 3*q - 5*q**t + 7 + 4*q**2 - 3*q. Determine k(6).
-11
Let x(b) be the first derivative of 3*b**2/2 + 13*b - 8. Determine x(-9).
-14
Let q(o) be the second derivative of o**3/2 + o**2/2 - 12*o. Suppose -8 = 6*f - 2*f. Calculate q(f).
-5
Let h(o) = -6*o**3 + 2*o**2 - 6*o. Let w(u) = 2*u**3 - u**2 + 2*u. Let m(i) = 2*h(i) + 7*w(i). Let j = 5 - 3. What is m(j)?
8
Suppose 2 = 4*j - 2. Let t = j - 4. Let k(u) = 3*u + 2*u**2 - 8*u**2 + 3*u**2 - u**3 + 4. Give k(t).
-5
Let h(z) = 3*z + 4. Let t = 2 + 1. Let d be (4/3)/((-1)/t). Determine h(d).
-8
Let i(t) be the third derivative of t**6/120 + t**5/10 + 7*t**4/24 + t**3/3 - 6*t**2. Determine i(-5).
-8
Let k(m) be the first derivative of -m**3/3 - 5*m**2/2 + 8*m + 6. What is k(-6)?
2
Let c(u) be the first derivative of 1/4*u**4 + 6*u + 3*u**2 + 5/3*u**3 + 1. Let p be (0 - 2 - 0) + -2. Calculate c(p).
-2
Let z(y) be the second derivative of y**4/12 - y**3/6 - y**2 - y. Suppose -2*v + 25 = -5. Suppose 12 - v = -d. Determine z(d).
4
Let c(p) = -p**2 - 2. Let w be c(0). Let v(q) = q - 2. Let x be v(w). Let g(n) = -n**2 - 6*n - 4. Calculate g(x).
4
Let y(i) = -i**3 + 10*i**2 - 9*i + 4. Let k be y(9). Let m(l) = l**2 - l - 5. Calculate m(k).
7
Let d(c) = -3*c**2 + 4*c - 2. Let b be d(1). Let q(p) = -p**3 - 3*p**2 + 1. Give q(b).
-1
Let m(f) = 2*f - 2 + 5 - 1 + 0*f. Determine m(3).
8
Let h be ((-4)/3)/(2/6). Let m(w) = 5*w**2 - 5*w + 2. Let j(b) be the first derivative of -2*b**3 + 5*b**2/2 - 2*b + 1. Let o(k) = -6*j(k) - 7*m(k). Give o(h).
-6
Let o be (-4)/3*6/4. Let w = -1 - o. Let l(y) = 5*y**3 - 2*y**2 + y. Determine l(w).
4
Let n(k) be the third derivative of k**6/360 - k**5/24 + k**4/6 - k**3/2 + 4*k**2. Let j(p) be the first derivative of n(p). What is j(3)?
-2
Suppose -2*b = 3 + 3. Let r(o) be the second derivative of o**4/12 + o**3/2 + o**2 - 16*o. Give r(b).
2
Let g(t) = -t**2 + t - 5. Let u(s) be the second derivative of s**3/6 - 5*s**2 + 2*s. Let c be u(6). Let b be -2 - -1*c/(-2). Determine g(b).
-5
Let n(x) be the first derivative of -2*x**2 - 4 - 1/3*x**3 + 8*x. What is n(-6)?
-4
Let k = 220 - 215. Let i(f) = f**2 - 5*f + 3. Calculate i(k).
3
Let r be (0 - 2)*(-1 - 0). Let f(p) = p**3 - 3*p - r*p**2 + p - 2 + p. Determine f(3).
4
Let o = 7 - 1. Suppose 3*t + o = 5*t. Let q(x) = -3*x - x**3 + 2*x**t + 1 + 5*x + x**2. Calculate q(-1).
-1
Let c = 9 - 2. Let j(h) = -2*h**2 + c - 2 - 4*h + h. Determine j(-4).
-15
Let t(p) = 2*p + 4. Suppose -4*i + 5*u + 8 + 5 = 0, 2*i = -2*u - 16. Determine t(i).
-2
Let x(i) = i**2 - 256*i - 266*i + 516*i - 3. Suppose 5*u + 4*f = 34, -21 = -4*u - 2*f + 5. What is x(u)?
-3
Let a be (0 + 0)/((-4)/(-2))*1. Let h(f) = -4*f - 2 + 3*f + 2*f. Calculate h(a).
-2
Let c(k) = k**2 + 6*k + 3. Let d be (-6)/4*(-1 - -3). Let q = 3 + d. Let o = -5 - q. Give c(o).
-2
Let n(w) be the first derivative of 3*w**2 - 2*w**3 - 3 - w + 1/4*w**4. Let g = 0 + 5. Calculate n(g).
4
Let y = 167 - 166. Let v(h) = 9*h**3 - h. What is v(y)?
8
Let u = 34 + -27. Let i(q) = q**3 - 7*q**2 - q + 2. Determine i(u).
-5
Let v(u) be the first derivative of -u**4/4 - 7*u**3/3 + 7*u**2/2 - 2*u + 2. Let h be v(-8). Let w(t) = t**3 - 7*t**2 + 5*t. Calculate w(h).
-6
Let a(v) = -v**2 + 5*v - 2. Let j = -18 + 24. Calculate a(j).
-8
Let s = -2 + 4. Let h(r) = 4 - s*r**2 - r - 4 - r**3. Give h(-2).
2
Let s(p) = 6*p - 3 + 3*p - 4*p + 8. What is s(-5)?
-20
Let q(b) = b. Let n be q(0). Let s(c) = -2*c + n + 3 - c. Suppose -2*t = 4*r - 4*t - 2, 5*r - 4*t + 2 = 0. Determine s(r).
-3
Let u(z) = -2*z**2 + z + 12. Let h(s) = -3*s**2 + s + 12. Let x(k) = 3*h(k) - 4*u(k). Calculate x(0).
-12
Let q(f) be the first derivative of f**3/3 + 7*f**2/2 + 8*f - 12. Suppose 5*j + 33 = -2*c + 5*c, 5*c - 11 = j. Determine q(j).
2
Let t(c) = 2*c - 2. Let j be (-9)/(-6) + 3/(-6). Let q = -1 - j. Give t(q).
-6
Let o(c) = 4*c**2 - c. Let q be (-10)/(-4)*(-12)/(-30). What is o(q)?
3
Suppose -5*c = -4*k - 43, 2*k = -c - 2*k - 1. Suppose c + 2 = 3*v. Let b(a) = -a**2 + 3*a. Give b(v).
0
Suppose h = 14 - 11. Let x(t) = 4*t + 2*t**3 - t**2 - 2*t**2 - 3 - t**3. Calculate x(h).
9
Let d be (-21)/(-14)*(-32)/(-6). Let s(z) = -z + 8. Let h be s(d). Let r(v) = -v + 8. Give r(h).
8
Let h(y) = -2*y + 3. Let k(z) = -z**3 - 9*z**2 - 10*z - 12. Let m be k(-8). Suppose m*q + 12 = 5*q. Suppose -5*g + q = -g. Give h(g).
-3
Let w be (24 + -28 - (0 + -1)) + 2. Let l(m) = 11*m + 1. What is l(w)?
-10
Suppose -6 = -0*s - 3*s. Suppose -s*u - 1 + 9 = 0. Suppose 5*n + 16 = k, -n + 5*k - u = 4. Let q(i) = i**3 + 4*i**2 + i - 3. Calculate q(n).
3
Let q(t) = -t - 7. Let a(g) = g**2 + 6*g - 1. Let v be a(-7). Suppose 3*h = -4*f + 5*f, -3*h = f + v. What is q(f)?
-4
Let c(h) = -h**3 - 6*h**2 - h - 1. Let a(o) = -4*o. Let y(x) = -1 + 1 + x + 1. Let t(w) = -a(w) - 3*y(w). Let j be t(-3). Give c(j).
5
Let m(q) = -71 + 71 + q + 0*q. Determine m(-5).
-5
Suppose -5*t = 2*u + 25, -u + 5*u + 5*t + 25 = 0. Let g be (-6)/(-4) - (-5)/10. Let z(w) = 2 - w**g - 3 - 7. Calculate z(u).
-8
Let l(m) be the second derivative of 1/3*m**3 + 2*m**2 + 0 + m. Calculate l(-3).
-2
Suppose -8*x - 42 = -2*x. Let d(v) = -v - 13. Let a be d(x). Let z(s) = s + 4. Give z(a).
-2
Let t(f) = -4 + 3 - 3*f**2 - 3*f + f. Let p(n) = n**2 + 2*n + 2. Let j be p(-6). Let s = 25 - j. Calculate t(s).
-2
Suppose 0*f + f = 3. Let v(g) = -g - 9 + 2*g - 5*g + f*g. Calculate v(-4).
-5
Suppose -4 = 2*l - 2. Let c = l - -3. Let s(x) = -3 - 3*x**2 - x**3 + 0*x**c - 2*x - x**3. What is s(-2)?
5
Let c = -16 + 11. Let v(f) = -f - 6. Determine v(c).
-1
Let k(x) = 1 - 2 + x + 13. Determine k(-9).
3
Let s be 0/((-3 - -3) + 2). Let r(z) = z**2 + z + 11. What is r(s)?
11
Let j(x) be the third derivative of 133*x**5/60 + 28*x**3/3 - 4*x**2. Let b(d) = -7*d**2 - 3. Let s(t) = -56*b(t) - 3*j(t). What is s(-1)?
-7
Let f(n) = n - 6. Suppose w + 3*r + 16 = 0, -4*w = -3*r - 0*r + 34. Let h(p) be the second derivative of -p**3/6 - 5*p**2 - p. Let l be h(w). What is f(l)?
-6
Let j(p) = p**2 - 4*p - 5. Let t be 20/5 - 1 - -1. Give j(t).
-5
Let u(v) be the third derivative of -v**7/840 - v**6/72 + v**5/20 + v**4/8 + v**3/3 + v**2. Let s(x) be the first derivative of u(x). What is s(-6)?
3
Let v be 8/(-7)*7/(-2). Suppose 2 = v*q + 6. Let b(c) = 2*c**3 - c**2 - c. Give b(q).
-2
Let p = 4 + 1. Suppose -4*r + p = -3. Let q(g) = -g**3 + 2*g**2 - 2*g + 3. Give q(r).
-1
Let n(d) = -d**2 - 1. Let f be n(1). Suppose 18 = 4*p - 6*i + i, -5*p - 5*i = 0. Let m(o) = o + p*o - 2 - 3*o + 2*o**2. What is m(f)?
6
Suppose 2*i + 2*h - 1 = i, 0 = 3*h + 6. Suppose d + i*x = 19, 6*d + 3*x - 3 = 4*d. Let n(g) = g**2 + 6*g + 2. Calculate n(d).
2
Let w(q) = 2*q - q + 5*q**3 - 4*q**2 - 4*q**3 + 1. Calculate w(3).
-5
Let k = 6 - 3. Let d(l) = -2*l + 2. What is d(k)?
-4
Let m(i) = 2*i**2 + 15*i - 12. Let h(j) = -j**2 - 8*j + 6. Let o(d) = 7*h(d) + 4*m(d). Determine o(-5).
-1
Let v(w) = w**2 - 3*w + 1. Let z be ((-2)/(-4))/((-2)/(-12)). Suppose -d - 5*a = 12 + 4, 32 = z*d - 5*a. Give v(d).
5
Let f(t) = -4*t**2 + 0*t - 4*t + 0*t - 2. Let w = 257 + -259. Give f(w).
-10
Let y(c) be the third derivative of -c**4/12 - c**3/3 + 19*c**2. Calculate y(-4).
6
Let w(p) = p + 8. Let b be 13/5 + 2/5. Suppose -7 = b*a + 3*y + 2, -y + 15 = -2*a. Give w(a).
2
Let p(g) = -g**2 - 1 + 1 - 6 - 7*g. Let m be p(-6). Let v(l) = -l**2 - 4*l + 2. Let b(j) = -2*j**2 - 9*j + 5. Let d(x) = -3*b(x) + 7*v(x). Determine d(m).
-1
Let y(l) = -7*l**3 + l**2 - l + 1. Let s = 4 - 0. Suppose s*b - 2 = 2*b. 